{"id":3745,"date":"2025-03-18T13:38:31","date_gmt":"2025-03-18T12:38:31","guid":{"rendered":"https:\/\/hippocrateslap.hu\/tanfolyam\/?page_id=3745"},"modified":"2025-03-24T14:52:15","modified_gmt":"2025-03-24T13:52:15","slug":"hippocrates-vandorgyules-debrecen-2025-03-22","status":"publish","type":"page","link":"https:\/\/hippocrateslap.hu\/tanfolyam\/online-tovabbkepzesek-2025\/hippocrates-vandorgyules-debrecen-2025-03-22\/","title":{"rendered":"Hippocrates V\u00e1ndorgy\u0171l\u00e9s Debrecen, 2025.03.22."},"content":{"rendered":"<p>A v\u00e1ndorgy\u0171l\u00e9s a <strong>PTE KK I. Belgy\u00f3gy\u00e1szati Klinika<\/strong> hivatalos, akkredit\u00e1lt el\u0151ad\u00e1sait tartalmazza.<br \/>\nA szabadon v\u00e1laszthat\u00f3 tov\u00e1bbk\u00e9pz\u00e9st h\u00e1ziorvosok, belgy\u00f3gy\u00e1szok \u00e9s \u00fczemorvosok r\u00e9sz\u00e9re akkredit\u00e1lt\u00e1k.<br \/>\n<strong>Kredit\u00e9rt\u00e9k: 8 pont<\/strong><\/p>\n<p><code><\/code><br \/>\n09.55.-10.00 <strong>Megnyit\u00f3<\/strong><br \/>\n<strong>Servier<\/strong> egy\u00fcttm\u0171k\u00f6d\u00e9s\u00e9vel<br \/>\n10.00-10.20 <strong>Dr. Kolozsi P\u00e9ter:<\/strong> Arany\u00e9rbetegs\u00e9g. Konzervat\u00edv vagy invaz\u00edv kezel\u00e9s? \u00daj RWE adatok f\u00e9ny\u00e9ben<br \/>\n10.20-10.25 Diszkusszi\u00f3<br \/>\n<strong>Astellas<\/strong> egy\u00fcttm\u0171k\u00f6d\u00e9s\u00e9vel<br \/>\n10.25-10.45 <strong>Dr. Kozma Bence:<\/strong> A hiperakt\u00edv h\u00f3lyag korszer\u0171 kezel\u00e9se<br \/>\n10.45-10.50 Diszkusszi\u00f3<br \/>\n<strong>Supremex<\/strong> egy\u00fcttm\u0171k\u00f6d\u00e9s\u00e9vel<br \/>\n10.50-11.10 <strong>Prof. Dr. Altorjay Istv\u00e1n:<\/strong> Funkcion\u00e1lis diszpepszia \u00e9s az IBS ell\u00e1t\u00e1s\u00e1nak h\u00e1ziorvosi \u00e9s szakorvosi kompetenci\u00e1i<br \/>\n11.10-11.15 Diszkusszi\u00f3<br \/>\n11.15-11.25 <em>Sz\u00fcnet<\/em><br \/>\n<strong>Bausch<\/strong> Health Magyarorsz\u00e1g egy\u00fcttm\u0171k\u00f6d\u00e9s\u00e9vel<br \/>\n11.25-11.45 <strong>Dr. Peth\u0151 Zs\u00f3fia:<\/strong> Az NSAID-ek tudatos v\u00e1laszt\u00e1sa a rizik\u00f3faktorok f\u00fcggv\u00e9ny\u00e9ben<br \/>\n11.45-11.50 Diszkusszi\u00f3<br \/>\n<strong>Clinomics<\/strong> Europe egy\u00fcttm\u0171k\u00f6d\u00e9s\u00e9vel<br \/>\n11.50-12.10 <strong>Csikota P\u00e9ter:<\/strong> Folyad\u00e9kbiopszia a r\u00e1ksz\u0171r\u00e9sben &#8211; Szabad DNS alap\u00fa v\u00e9rvizsg\u00e1lat a kolorekt\u00e1lis r\u00e1k korai kimutat\u00e1s\u00e1ra<br \/>\n12.10-12.15 Diszkusszi\u00f3<br \/>\n12.15-12.30 <strong>Teszt\u00edr\u00e1s<\/strong>\u00a0<\/p>\n<\/p>\n<h3><strong>Bejelentkez\u00e9s<\/strong><\/h3>\n<p>A tanfolyam megtekint\u00e9s\u00e9hez \u00e9s a teszt kit\u00f6lt\u00e9s\u00e9hez jelentkezzen be, vagy regisztr\u00e1ljon! Ha m\u00e1r kor\u00e1bban regisztr\u00e1lt, akkor csak bejelentkeznie sz\u00fcks\u00e9ges.<\/p>\n<p>Technikai seg\u00edts\u00e9g telefonsz\u00e1ma a rendezv\u00e9ny napj\u00e1n: Tel.: +36303719165<\/p>\n<p><strong>A leggyorsabb,<\/strong> ha m\u00e1r kor\u00e1bban regisztr\u00e1lt \u00e9s most nem tud bel\u00e9pni, hogy megk\u00fcldi sms-ben a nev\u00e9t, e-mail c\u00edm\u00e9t \u00e9s pecs\u00e9tsz\u00e1m\u00e1t, \u00e9s mi be\u00e1ll\u00edtjuk a pecs\u00e9tsz\u00e1m\u00e1t jelsz\u00f3nak. SMS.: +36303719165<\/p>\n<p><div id=\"wppb-login-wrap\" class=\"wppb-user-forms\">\n\t\t<form name=\"wppb-loginform\" id=\"wppb-loginform\" class=\"\" action=\"https:\/\/hippocrateslap.hu\/tanfolyam\/wp-json\/wp\/v2\/pages\/3745\" method=\"post\">\n\t\t\t\n\t\t\t<p class=\"wppb-form-field login-username\">\n\t\t\t\t<label for=\"wppb_user_login\">Email<\/label>\n\t\t\t\t<input type=\"email\" name=\"log\" id=\"wppb_user_login\" class=\"input\" value=\"\" size=\"20\" \/>\n\t\t\t<\/p>\n\t\t\t<p class=\"wppb-form-field login-password\">\n\t\t\t\t<label for=\"wppb_user_pass\">Password<\/label>\n\t\t\t\t<span class=\"wppb-password-field-container\">\n\t\t\t\t    <input type=\"password\" name=\"pwd\" id=\"wppb_user_pass\" class=\"input\" value=\"\" size=\"20\" \/>\n\t\t\t\t     <!-- add the HTML for the visibility toggle -->\n\t\t\t\t<\/span>\n            <\/p>\n\t\t\t\n\t\t\t\n\t\t\t<p class=\"wppb-form-field login-remember\"><input name=\"rememberme\" type=\"checkbox\" id=\"rememberme\" value=\"forever\" \/><label for=\"rememberme\">Remember Me<\/label><\/p>\n\t\t\t<p class=\"login-submit\">\n\t\t\t\t<input type=\"submit\" name=\"wp-submit\" id=\"wppb-submit\" class=\"button button-primary\" value=\"Log In\"\" \/>\n\t\t\t\t<input type=\"hidden\" name=\"redirect_to\" value=\"https:\/\/hippocrateslap.hu\/tanfolyam\/wp-json\/wp\/v2\/pages\/3745\" \/>\n\t\t\t<\/p>\n\t\t\t<input type=\"hidden\" name=\"wppb_login\" value=\"true\"\/>\n\t\t\t<input type=\"hidden\" name=\"wppb_form_location\" value=\"widget\"\/>\n\t\t\t<input type=\"hidden\" name=\"wppb_request_url\" value=\"https:\/\/hippocrateslap.hu\/tanfolyam\/wp-json\/wp\/v2\/pages\/3745\"\/>\n\t\t\t<input type=\"hidden\" name=\"wppb_lostpassword_url\" value=\"\"\/>\n\t\t\t<input type=\"hidden\" name=\"wppb_redirect_priority\" value=\"\"\/>\n\t\t\t<input type=\"hidden\" name=\"wppb_referer_url\" value=\"\"\/>\n\t\t\t<input type=\"hidden\" id=\"CSRFToken-wppb\" name=\"CSRFToken-wppb\" value=\"5746634468\" \/><input type=\"hidden\" name=\"_wp_http_referer\" value=\"\/tanfolyam\/wp-json\/wp\/v2\/pages\/3745\" \/>\n\t\t\t<input type=\"hidden\" name=\"wppb_redirect_check\" value=\"true\"\/>\n\t\t\t\n\t\t<\/form><script>window.onload = function() { jQuery(document).ready(function($) { $(\"input[name=\\\"log\\\"]\").on(\"keyup\", function() { $(this).val( $.trim($(this).val()) ); }); }); }<\/script><script>if ( document.getElementById(\"rememberme\") ) document.getElementById(\"rememberme\").checked = true;<\/script><\/div><\/p>\n<p><a class=\"button\" href=\"https:\/\/hippocrateslap.hu\/tanfolyam\/regisztracio\/\">Regisztr\u00e1ci\u00f3<\/a><\/p>\n<p><a href=\"https:\/\/hippocrateslap.hu\/tanfolyam\/regisztracio\/uj-jelszo-letrehozasa\/\">Elfelejtette a jelszav\u00e1t?<\/a><\/p>\n<p>\n<p>&nbsp;<\/p>\n\n","protected":false},"excerpt":{"rendered":"<p>A v\u00e1ndorgy\u0171l\u00e9s a PTE KK I. Belgy\u00f3gy\u00e1szati Klinika hivatalos, akkredit\u00e1lt el\u0151ad\u00e1sait tartalmazza. A szabadon v\u00e1laszthat\u00f3 tov\u00e1bbk\u00e9pz\u00e9st h\u00e1ziorvosok, belgy\u00f3gy\u00e1szok \u00e9s \u00fczemorvosok r\u00e9sz\u00e9re akkredit\u00e1lt\u00e1k. Kredit\u00e9rt\u00e9k: 8 pont 09.55.-10.00 Megnyit\u00f3 Servier egy\u00fcttm\u0171k\u00f6d\u00e9s\u00e9vel 10.00-10.20 Dr. Kolozsi P\u00e9ter: Arany\u00e9rbetegs\u00e9g. Konzervat\u00edv vagy invaz\u00edv kezel\u00e9s? \u00daj RWE adatok f\u00e9ny\u00e9ben 10.20-10.25 Diszkusszi\u00f3 Astellas egy\u00fcttm\u0171k\u00f6d\u00e9s\u00e9vel 10.25-10.45 Dr. Kozma Bence: A hiperakt\u00edv h\u00f3lyag korszer\u0171 kezel\u00e9se &#8230; <a title=\"Hippocrates V\u00e1ndorgy\u0171l\u00e9s Debrecen, 2025.03.22.\" class=\"read-more\" href=\"https:\/\/hippocrateslap.hu\/tanfolyam\/online-tovabbkepzesek-2025\/hippocrates-vandorgyules-debrecen-2025-03-22\/\" aria-label=\"Read more about Hippocrates V\u00e1ndorgy\u0171l\u00e9s Debrecen, 2025.03.22.\">Olvass tov\u00e1bb<\/a><\/p>\n","protected":false},"author":82,"featured_media":0,"parent":3617,"menu_order":1,"comment_status":"closed","ping_status":"closed","template":"","meta":{"footnotes":""},"class_list":["post-3745","page","type-page","status-publish"],"publishpress_future_action":{"enabled":false,"date":"2026-04-21 16:50:28","action":"change-status","newStatus":"private","terms":[],"taxonomy":"","extraData":[]},"publishpress_future_workflow_manual_trigger":{"enabledWorkflows":[]},"_links":{"self":[{"href":"https:\/\/hippocrateslap.hu\/tanfolyam\/wp-json\/wp\/v2\/pages\/3745","targetHints":{"allow":["GET"]}}],"collection":[{"href":"https:\/\/hippocrateslap.hu\/tanfolyam\/wp-json\/wp\/v2\/pages"}],"about":[{"href":"https:\/\/hippocrateslap.hu\/tanfolyam\/wp-json\/wp\/v2\/types\/page"}],"author":[{"embeddable":true,"href":"https:\/\/hippocrateslap.hu\/tanfolyam\/wp-json\/wp\/v2\/users\/82"}],"replies":[{"embeddable":true,"href":"https:\/\/hippocrateslap.hu\/tanfolyam\/wp-json\/wp\/v2\/comments?post=3745"}],"version-history":[{"count":4,"href":"https:\/\/hippocrateslap.hu\/tanfolyam\/wp-json\/wp\/v2\/pages\/3745\/revisions"}],"predecessor-version":[{"id":3767,"href":"https:\/\/hippocrateslap.hu\/tanfolyam\/wp-json\/wp\/v2\/pages\/3745\/revisions\/3767"}],"up":[{"embeddable":true,"href":"https:\/\/hippocrateslap.hu\/tanfolyam\/wp-json\/wp\/v2\/pages\/3617"}],"wp:attachment":[{"href":"https:\/\/hippocrateslap.hu\/tanfolyam\/wp-json\/wp\/v2\/media?parent=3745"}],"curies":[{"name":"wp","href":"https:\/\/api.w.org\/{rel}","templated":true}]}}