{"id":3327,"date":"2023-07-28T13:45:24","date_gmt":"2024-01-05T16:47:28","guid":{"rendered":"https:\/\/hippocrateslap.hu\/tanfolyam\/?page_id=3327"},"modified":"2025-02-28T09:21:44","modified_gmt":"2025-02-28T08:21:44","slug":"online-tovabbkepzesek-2024","status":"publish","type":"page","link":"https:\/\/hippocrateslap.hu\/tanfolyam\/online-tovabbkepzesek-2024\/","title":{"rendered":"Online tov\u00e1bbk\u00e9pz\u00e9sek 2024"},"content":{"rendered":"<p>&nbsp;<\/p>\n<p style=\"text-align: center;\">Lezajlott rendezv\u00e9nyek:<\/p>\n<p>&nbsp;<\/p>\n<p><a class=\"button\" href=\"https:\/\/hippocrateslap.hu\/tanfolyam\/online-tovabbkepzesek-2024\/hippocrates-csaladorvosi-szimpoziumok-szekesfehervar-2024-10-05\/\">Hippocrates Csal\u00e1dorvosi Szimp\u00f3ziumok &#8211; Sz\u00e9kesfeh\u00e9rv\u00e1r, 2024.10.05.<\/a><\/p>\n<p>&nbsp;<\/p>\n<p><a class=\"button\" href=\"https:\/\/hippocrateslap.hu\/tanfolyam\/online-tovabbkepzesek-2024\/hippocrates-csaladorvosi-szimpoziumok-nyiregyhaza-2024-09-28\/\">Hippocrates Csal\u00e1dorvosi Szimp\u00f3ziumok &#8211; Ny\u00edregyh\u00e1za, 2024.09.28.<\/a><\/p>\n<p style=\"text-align: center;\">\u00a0<\/p>\n<p><a class=\"button\" href=\"https:\/\/hippocrateslap.hu\/tanfolyam\/online-tovabbkepzesek-2024\/hippocrates-csaladorvosi-szimpoziumok-kecskemet-2024-09-21\/\">Hippocrates Csal\u00e1dorvosi Szimp\u00f3ziumok &#8211; Kecskem\u00e9t, 2024.09.21.<\/a><\/p>\n<p style=\"text-align: center;\">\u00a0<\/p>\n<p><a class=\"button\" href=\"https:\/\/hippocrateslap.hu\/tanfolyam\/online-tovabbkepzesek-2024\/hippocrates-csaladorvosi-szimpoziumok-budapest-2024-ix-14\/\">Hippocrates Csal\u00e1dorvosi Szimp\u00f3ziumok &#8211; Budapest, 2024.09.14.<\/a><\/p>\n<p>&nbsp;<\/p>\n<p><a class=\"button\" href=\"https:\/\/hippocrateslap.hu\/tanfolyam\/online-tovabbkepzesek-2024\/hippocrates-vandorgyules-debrecen-2024-03-23\/\">Hippocrates V\u00e1ndorgy\u0171l\u00e9s \u2013 Debrecen, 2024.03.23.<code><\/code><code><\/code><\/a><\/p>\n<p>&nbsp;<\/p>\n<p><a class=\"button\" href=\"https:\/\/hippocrateslap.hu\/tanfolyam\/online-tovabbkepzesek-2024\/hippocrates-vandorgyules-pecs-2024-03-02\/\">Hippocrates V\u00e1ndorgy\u0171l\u00e9s \u2013 P\u00e9cs, 2024.03.02.<\/a><\/p>\n<p>&nbsp;<\/p>\n<p><a class=\"button\" href=\"https:\/\/hippocrateslap.hu\/tanfolyam\/online-tovabbkepzesek-2024\/hippocrates-vandorgyules-szeged-2024-02-17\/\">Hippocrates V\u00e1ndorgy\u0171l\u00e9s \u2013 Szeged, 2024.02.17.<\/a><\/p>\n<p>&nbsp;<\/p>\n<p><code><\/code><\/p>\n<p><a class=\"button\" href=\"https:\/\/hippocrateslap.hu\/tanfolyam\/online-tovabbkepzesek-2024\/hippocrates-vandorgyules-miskolc-204-02-03\/\"><code><\/code>Hippocrates V\u00e1ndorgy\u0171l\u00e9s \u2013 Miskolc, 2024.02.03.<\/a><\/p>\n<p style=\"text-align: center;\">\u00a0<\/p>\n<p><a class=\"button\" href=\"https:\/\/hippocrateslap.hu\/tanfolyam\/online-tovabbkepzesek-2024\/hippocrates-vandorgyules-budapest-2024-01-20\/\">Hippocrates V\u00e1ndorgy\u0171l\u00e9s \u2013 Budapest, 2024.01.20.<\/a><\/p>\n","protected":false},"excerpt":{"rendered":"<p>&nbsp; Lezajlott rendezv\u00e9nyek: &nbsp; Hippocrates Csal\u00e1dorvosi Szimp\u00f3ziumok &#8211; Sz\u00e9kesfeh\u00e9rv\u00e1r, 2024.10.05. &nbsp; Hippocrates Csal\u00e1dorvosi Szimp\u00f3ziumok &#8211; Ny\u00edregyh\u00e1za, 2024.09.28. \u00a0 Hippocrates Csal\u00e1dorvosi Szimp\u00f3ziumok &#8211; Kecskem\u00e9t, 2024.09.21. \u00a0 Hippocrates Csal\u00e1dorvosi Szimp\u00f3ziumok &#8211; Budapest, 2024.09.14. &nbsp; Hippocrates V\u00e1ndorgy\u0171l\u00e9s \u2013 Debrecen, 2024.03.23. &nbsp; Hippocrates V\u00e1ndorgy\u0171l\u00e9s \u2013 P\u00e9cs, 2024.03.02. &nbsp; Hippocrates V\u00e1ndorgy\u0171l\u00e9s \u2013 Szeged, 2024.02.17. &nbsp; Hippocrates V\u00e1ndorgy\u0171l\u00e9s \u2013 Miskolc, 2024.02.03. &#8230; <a title=\"Online tov\u00e1bbk\u00e9pz\u00e9sek 2024\" class=\"read-more\" href=\"https:\/\/hippocrateslap.hu\/tanfolyam\/online-tovabbkepzesek-2024\/\" aria-label=\"Read more about Online tov\u00e1bbk\u00e9pz\u00e9sek 2024\">Olvass tov\u00e1bb<\/a><\/p>\n","protected":false},"author":82,"featured_media":0,"parent":0,"menu_order":4,"comment_status":"closed","ping_status":"closed","template":"","meta":{"footnotes":""},"class_list":["post-3327","page","type-page","status-publish"],"publishpress_future_action":{"enabled":false,"date":"2026-04-15 11:43:17","action":"change-status","newStatus":"private","terms":[],"taxonomy":"","extraData":[]},"publishpress_future_workflow_manual_trigger":{"enabledWorkflows":[]},"_links":{"self":[{"href":"https:\/\/hippocrateslap.hu\/tanfolyam\/wp-json\/wp\/v2\/pages\/3327","targetHints":{"allow":["GET"]}}],"collection":[{"href":"https:\/\/hippocrateslap.hu\/tanfolyam\/wp-json\/wp\/v2\/pages"}],"about":[{"href":"https:\/\/hippocrateslap.hu\/tanfolyam\/wp-json\/wp\/v2\/types\/page"}],"author":[{"embeddable":true,"href":"https:\/\/hippocrateslap.hu\/tanfolyam\/wp-json\/wp\/v2\/users\/82"}],"replies":[{"embeddable":true,"href":"https:\/\/hippocrateslap.hu\/tanfolyam\/wp-json\/wp\/v2\/comments?post=3327"}],"version-history":[{"count":46,"href":"https:\/\/hippocrateslap.hu\/tanfolyam\/wp-json\/wp\/v2\/pages\/3327\/revisions"}],"predecessor-version":[{"id":3644,"href":"https:\/\/hippocrateslap.hu\/tanfolyam\/wp-json\/wp\/v2\/pages\/3327\/revisions\/3644"}],"wp:attachment":[{"href":"https:\/\/hippocrateslap.hu\/tanfolyam\/wp-json\/wp\/v2\/media?parent=3327"}],"curies":[{"name":"wp","href":"https:\/\/api.w.org\/{rel}","templated":true}]}}