{"id":1797,"date":"2017-02-26T10:33:43","date_gmt":"2021-05-28T12:45:25","guid":{"rendered":"https:\/\/hippocrateslap.hu\/tanfolyam\/?page_id=1797"},"modified":"2025-02-28T09:21:46","modified_gmt":"2025-02-28T08:21:46","slug":"mkt-hippocrates-specialista-hetvege","status":"publish","type":"page","link":"https:\/\/hippocrateslap.hu\/tanfolyam\/2021online-lejart-rendezvenyek\/mkt-hippocrates-specialista-hetvege\/","title":{"rendered":"MKT \u2013 Hippocrates Specialista H\u00e9tv\u00e9ge &#8211; 2021. VI. 12-13."},"content":{"rendered":"<p>2021. j\u00fanius 12-13. (szombat, vas\u00e1rnap)<\/p>\n<p>&nbsp;<\/p>\n<p>Az el\u0151ad\u00e1sokban szerepl\u0151 inform\u00e1ci\u00f3k az el\u0151ad\u00f3(k) eredm\u00e9nyeit \u00e9s v\u00e9lem\u00e9ny\u00e9t t\u00fckr\u00f6zik. A megeml\u00edtett term\u00e9kek haszn\u00e1latakor az \u00e9rv\u00e9nyes alkalmaz\u00e1si el\u0151\u00edr\u00e1s az ir\u00e1nyad\u00f3. Minden jog fenntartva!<\/p>\n<p>&nbsp;<\/p>\n<p>A tanfolyamon val\u00f3 r\u00e9szv\u00e9telhez k\u00e9rj\u00fck <strong>regisztr\u00e1ljon<\/strong>. Ha m\u00e1r kor\u00e1bban regisztr\u00e1lt, akkor <strong>csak bejelentkeznie<\/strong> sz\u00fcks\u00e9ges.<\/p>\n<p>A teszt megnyit\u00e1sa ut\u00e1n <strong>a teszt<\/strong> kit\u00f6lt\u00e9s\u00e9hez <strong>30 perc<\/strong> \u00e1ll rendelkez\u00e9s\u00e9re. A vizsg\u00e1z\u00f3k a teszt kit\u00f6lt\u00e9s\u00e9nek siker\u00e9r\u0151l\/sikertelens\u00e9g\u00e9r\u0151l visszajelz\u00e9st kapnak.<\/p>\n<p>&nbsp;<\/p>\n<p>Az esetleges k\u00e9rd\u00e9sekkel, felmer\u00fcl\u0151 probl\u00e9m\u00e1kkal kapcsolatban az al\u00e1bbi telefonsz\u00e1mokon v\u00e1rjuk jelz\u00e9s\u00fcket:\u00a0 <strong>+36-30\/94-04-138.<\/strong><\/p>\n<p>&nbsp;<\/p>\n<p>A vide\u00f3k megtekint\u00e9s\u00e9hez, k\u00e9rj\u00fck, haszn\u00e1lja a leg\u00fajabb Firefox, Edge vagy Chrome b\u00f6ng\u00e9sz\u0151ket. Az akadoz\u00e1smentes megtekint\u00e9shez gyors internetkapcsolatra van sz\u00fcks\u00e9g.<\/p>\n<p>&nbsp;<\/p>\n<p><a class=\"button\" href=\"https:\/\/hippocrateslap.hu\/tanfolyam\/online-tovabbkepzesek-2021\/mkt-hippocrates-specialista-hetvege\/mkt-teszt\/\" rel=\"noopener noreferrer\">MKT Teszt<\/a><\/p>\n<p>&nbsp;<\/p>\n<p>&nbsp;<\/p>\n<h2>Program<\/h2>\n<p><strong>MKT \u2013 Hippocrates Specialista H\u00e9tv\u00e9ge <\/strong><\/p>\n<p>&nbsp;<\/p>\n<p><strong>2021. j\u00fanius 12. szombat<\/strong> (k\u00f6zvet\u00edt\u00e9s P\u00e9csr\u0151l, a Kod\u00e1ly K\u00f6zpontb\u00f3l)<\/p>\n<p>&nbsp;<\/p>\n<p>10.00-10.15 Megnyit\u00f3: <strong>Prof. Dr. T\u00f3th K\u00e1lm\u00e1n:<\/strong> COVID-19 fert\u0151z\u00e9s kardiovaszkul\u00e1ris vonatkoz\u00e1sai<\/p>\n<h3>I. blokk<\/h3>\n<p>\u00dcl\u00e9seln\u00f6k:\u00a0<strong>Prof. Dr. T\u00f3th K\u00e1lm\u00e1n<\/strong><br \/>\n10.15-10.45\u00a0<strong>Prof. Dr. Bajnok L\u00e1szl\u00f3:<\/strong>\u00a0COVID-19 fert\u0151z\u00e9s \u00e9s endotheli\u00e1lis diszfunkci\u00f3<br \/>\n10.45-10.50 Diszkusszi\u00f3<br \/>\n10.50-11.20\u00a0<strong>Prof. Dr. Halmosi R\u00f3bert:<\/strong>\u00a0A COVID-19 kardiovaszkul\u00e1ris hat\u00e1sai\u00a0<br \/>\n11.20-11.25 Diszkusszi\u00f3<br \/>\n11.25-11.55\u00a0<strong>Dr. Habon Tam\u00e1s:<\/strong>\u00a0A sz\u00edvel\u00e9gtelens\u00e9g kezel\u00e9se \u00e9s a sz\u00edvel\u00e9gtelens\u00e9g vizsg\u00e1latok helyzete a COVID-19 j\u00e1rv\u00e1ny idej\u00e9n<br \/>\n11.55-12.00 Diszkusszi\u00f3<br \/>\n12.00-12.30\u00a0<strong>Dr. P\u00e9terfi Zolt\u00e1n:<\/strong>\u00a0COVID pneum\u00f3nia \u00e9s sz\u00edvizom k\u00e1rosod\u00e1s<br \/>\n12.30-12.35 Diszkusszi\u00f3<\/p>\n<p>&nbsp;<\/p>\n<p>&nbsp;<\/p>\n<p><strong>2021. j\u00fanius 13. vas\u00e1rnap<\/strong> (k\u00f6zvet\u00edt\u00e9s Budapestr\u0151l, a H\u00e9lia Hotelb\u0151l)<\/p>\n<h3>II. blokk<\/h3>\n<p>\u00dcl\u00e9seln\u00f6k:\u00a0<strong>Prof. Dr. Kiss R\u00f3bert G\u00e1bor<\/strong><br \/>\n10.15-10.45\u00a0<strong>Prof. Dr. Kiss R\u00f3bert G\u00e1bor:<\/strong>\u00a0COVID-19 \u00e9s pulmon\u00e1lis emb\u00f3lia, az antikoagul\u00e1ci\u00f3 lehet\u0151s\u00e9gei<br \/>\n10.45-10.50 Diszkusszi\u00f3 <br \/>\n10.50-11.20\u00a0<strong>Dr. Becker D\u00e1vid:<\/strong>\u00a0A COVID-19 j\u00e1rv\u00e1ny hat\u00e1sa a kardiol\u00f3giai s\u00fcrg\u0151ss\u00e9gi ell\u00e1t\u00e1sra<br \/>\n11.20-11.25 Diszkusszi\u00f3<br \/>\n11.25-11.55\u00a0<strong>P<\/strong><strong>rof. Dr. Tomcs\u00e1nyi J\u00e1nos:<\/strong>\u00a0COVID-19 \u00e9s ritmuszavarok, k\u00fcl\u00f6n\u00f6s tekintettel a PF-re<br \/>\n11.55-12.00 Diszkusszi\u00f3<br \/>\n12.00-12.30\u00a0<strong>Prof. Dr. J\u00e1rai Zolt\u00e1n:\u00a0<\/strong>Hipert\u00f3nia \u00e9s antihipertenz\u00edv kezel\u00e9s a COVID-19 j\u00e1rv\u00e1ny alatt<br \/>\n12.30-12.35 Diszkusszi\u00f3<br \/>\n12.35-13.05\u00a0<strong>Prof. Dr. Purebl Gy\u00f6rgy:<\/strong>\u00a0Telemedicina relevanci\u00e1ja COVID idej\u00e9n\u00a0<br \/>\n13.05-13.10 Diszkusszi\u00f3<br \/>\n13.10-14.00 Sz\u00fcnet<\/p>\n<p>&nbsp;<\/p>\n<p><strong>Servier Szimp\u00f3zium<\/strong>\u00a0<\/p>\n<p>\u00dcl\u00e9seln\u00f6k:\u00a0<strong>Prof. Dr. Tomcs\u00e1nyi J\u00e1nos<\/strong><br \/>\n14.00-14.30\u00a0<strong>Dr. Simonyi G\u00e1bor:\u00a0<\/strong>A kardiol\u00f3gus, az angin\u00e1s betegek \u00e9s a gy\u00f3gyszeres kezel\u00e9s tri\u00e1sza COVID idej\u00e9n<br \/>\n14.30-14.35 Diszkusszi\u00f3<br \/>\n14.35-15.05\u00a0<strong>Prof. Dr. Tomcs\u00e1nyi J\u00e1nos:<\/strong>\u00a0Post-COVID kardiol\u00f3giai maradv\u00e1nyt\u00fcnetek \u00e9s az ivabradine<br \/>\n15.05-15.10 Diszkusszi\u00f3<\/p>\n<p>\n15.10- <strong>Teszt\u00edr\u00e1s<\/strong><\/p>\n<p>A teszt kit\u00f6lthet\u0151 j\u00fanius 23-\u00e1n 24.00 \u00f3r\u00e1ig.<\/p>\n<p>&nbsp;<\/p>\n<p>Megszerezhet\u0151 kredit: 14 pont.<\/p>\n<div class=\"notranslate\" style=\"all: initial;\">\u00a0<\/div>\n<div class=\"notranslate\" style=\"all: initial;\">\u00a0<\/div>\n<div class=\"notranslate\" style=\"all: initial;\">\u00a0<\/div>\n","protected":false},"excerpt":{"rendered":"<p>2021. j\u00fanius 12-13. (szombat, vas\u00e1rnap) &nbsp; Az el\u0151ad\u00e1sokban szerepl\u0151 inform\u00e1ci\u00f3k az el\u0151ad\u00f3(k) eredm\u00e9nyeit \u00e9s v\u00e9lem\u00e9ny\u00e9t t\u00fckr\u00f6zik. A megeml\u00edtett term\u00e9kek haszn\u00e1latakor az \u00e9rv\u00e9nyes alkalmaz\u00e1si el\u0151\u00edr\u00e1s az ir\u00e1nyad\u00f3. Minden jog fenntartva! &nbsp; A tanfolyamon val\u00f3 r\u00e9szv\u00e9telhez k\u00e9rj\u00fck regisztr\u00e1ljon. Ha m\u00e1r kor\u00e1bban regisztr\u00e1lt, akkor csak bejelentkeznie sz\u00fcks\u00e9ges. A teszt megnyit\u00e1sa ut\u00e1n a teszt kit\u00f6lt\u00e9s\u00e9hez 30 perc \u00e1ll rendelkez\u00e9s\u00e9re. &#8230; <a title=\"MKT \u2013 Hippocrates Specialista H\u00e9tv\u00e9ge &#8211; 2021. VI. 12-13.\" class=\"read-more\" href=\"https:\/\/hippocrateslap.hu\/tanfolyam\/2021online-lejart-rendezvenyek\/mkt-hippocrates-specialista-hetvege\/\" aria-label=\"Read more about MKT \u2013 Hippocrates Specialista H\u00e9tv\u00e9ge &#8211; 2021. VI. 12-13.\">Olvass tov\u00e1bb<\/a><\/p>\n","protected":false},"author":1,"featured_media":0,"parent":2195,"menu_order":3,"comment_status":"closed","ping_status":"closed","template":"","meta":{"footnotes":""},"class_list":["post-1797","page","type-page","status-publish"],"publishpress_future_action":{"enabled":false,"date":"2026-04-27 11:09:23","action":"change-status","newStatus":"private","terms":[],"taxonomy":"","extraData":[]},"publishpress_future_workflow_manual_trigger":{"enabledWorkflows":[]},"_links":{"self":[{"href":"https:\/\/hippocrateslap.hu\/tanfolyam\/wp-json\/wp\/v2\/pages\/1797","targetHints":{"allow":["GET"]}}],"collection":[{"href":"https:\/\/hippocrateslap.hu\/tanfolyam\/wp-json\/wp\/v2\/pages"}],"about":[{"href":"https:\/\/hippocrateslap.hu\/tanfolyam\/wp-json\/wp\/v2\/types\/page"}],"author":[{"embeddable":true,"href":"https:\/\/hippocrateslap.hu\/tanfolyam\/wp-json\/wp\/v2\/users\/1"}],"replies":[{"embeddable":true,"href":"https:\/\/hippocrateslap.hu\/tanfolyam\/wp-json\/wp\/v2\/comments?post=1797"}],"version-history":[{"count":26,"href":"https:\/\/hippocrateslap.hu\/tanfolyam\/wp-json\/wp\/v2\/pages\/1797\/revisions"}],"predecessor-version":[{"id":3465,"href":"https:\/\/hippocrateslap.hu\/tanfolyam\/wp-json\/wp\/v2\/pages\/1797\/revisions\/3465"}],"up":[{"embeddable":true,"href":"https:\/\/hippocrateslap.hu\/tanfolyam\/wp-json\/wp\/v2\/pages\/2195"}],"wp:attachment":[{"href":"https:\/\/hippocrateslap.hu\/tanfolyam\/wp-json\/wp\/v2\/media?parent=1797"}],"curies":[{"name":"wp","href":"https:\/\/api.w.org\/{rel}","templated":true}]}}