{"id":1792,"date":"2017-02-26T10:33:43","date_gmt":"2021-05-28T12:35:47","guid":{"rendered":"https:\/\/hippocrateslap.hu\/tanfolyam\/?page_id=1792"},"modified":"2025-02-28T09:21:46","modified_gmt":"2025-02-28T08:21:46","slug":"hippocrates-diabetologiai-hetvege","status":"publish","type":"page","link":"https:\/\/hippocrateslap.hu\/tanfolyam\/2021online-lejart-rendezvenyek\/hippocrates-diabetologiai-hetvege\/","title":{"rendered":"Hippocrates Diabetol\u00f3giai H\u00e9tv\u00e9ge &#8211; 2021. VI. 5."},"content":{"rendered":"<p>2021. j\u00fanius 5.<\/p>\n<p>&nbsp;<\/p>\n<p>Az el\u0151ad\u00e1sokban szerepl\u0151 inform\u00e1ci\u00f3k az el\u0151ad\u00f3(k) eredm\u00e9nyeit \u00e9s v\u00e9lem\u00e9ny\u00e9t t\u00fckr\u00f6zik. A megeml\u00edtett term\u00e9kek haszn\u00e1latakor az \u00e9rv\u00e9nyes alkalmaz\u00e1si el\u0151\u00edr\u00e1s az ir\u00e1nyad\u00f3. Minden jog fenntartva!<\/p>\n<p>&nbsp;<\/p>\n<p>A tanfolyamon val\u00f3 r\u00e9szv\u00e9telhez k\u00e9rj\u00fck <strong>regisztr\u00e1ljon<\/strong>. Ha m\u00e1r kor\u00e1bban regisztr\u00e1lt, akkor <strong>csak bejelentkeznie<\/strong> sz\u00fcks\u00e9ges.<\/p>\n<p>A teszt megnyit\u00e1sa ut\u00e1n <strong>a teszt<\/strong> kit\u00f6lt\u00e9s\u00e9hez <strong>30 perc<\/strong> \u00e1ll rendelkez\u00e9s\u00e9re. A vizsg\u00e1z\u00f3k a teszt kit\u00f6lt\u00e9s\u00e9nek siker\u00e9r\u0151l\/sikertelens\u00e9g\u00e9r\u0151l visszajelz\u00e9st kapnak.<\/p>\n<p>&nbsp;<\/p>\n<p>Az esetleges k\u00e9rd\u00e9sekkel, felmer\u00fcl\u0151 probl\u00e9m\u00e1kkal kapcsolatban az al\u00e1bbi telefonsz\u00e1mokon v\u00e1rjuk jelz\u00e9s\u00fcket:\u00a0 <strong>+36-30\/94-04-138.<\/strong><\/p>\n<p>&nbsp;<\/p>\n<p>A vide\u00f3k megtekint\u00e9s\u00e9hez, k\u00e9rj\u00fck, haszn\u00e1lja a leg\u00fajabb Firefox, Edge vagy Chrome b\u00f6ng\u00e9sz\u0151ket. Az akadoz\u00e1smentes megtekint\u00e9shez gyors internetkapcsolatra van sz\u00fcks\u00e9g.<\/p>\n<p>&nbsp;<\/p>\n<p>&nbsp;<\/p>\n<p><a class=\"button\" href=\"https:\/\/hippocrateslap.hu\/tanfolyam\/online-tovabbkepzesek-2021\/hippocrates-diabetologiai-hetvege\/diabetologiai-teszt\/\" rel=\"noopener noreferrer\">Diabetol\u00f3giai Teszt<\/a><\/p>\n<p>&nbsp;<\/p>\n<p>K\u00f6zvet\u00edt\u00e9s Budapestr\u0151l a H\u00e9lia Hotelb\u0151l.<\/p>\n<h2>Program\u00a0<\/h2>\n<p>10.00 \u2013 10.10 Megnyit\u00f3\u00a0<\/p>\n<p>&nbsp;<\/p>\n<p><strong>Szakmai el\u0151ad\u00e1sok<\/strong><\/p>\n<h3>1. blokk<\/h3>\n<p>10.10 \u2013 10.40 <strong>Prof. Dr. Winkler G\u00e1bor:<\/strong> COVID-19 \u00e9s diab\u00e9tesz<\/p>\n<p>10.40 \u2013 11.10 <strong>Dr. F\u00fcl\u00f6p Tibor:<\/strong> A magas CV rizik\u00f3j\u00fa cukorbeteg kezel\u00e9s\u00e9nek szempontjai<\/p>\n<p>11.10 \u2013 11.40 <strong>Dr. Juh\u00e1sz M\u00e1rta:<\/strong> Inzulinkezel\u00e9s 1-es t\u00edpus\u00fa diab\u00e9teszben<\/p>\n<p>11.40 \u2013 12.10 <strong>Dr. Nyirati G\u00e1bor:<\/strong> Inzulinkezel\u00e9s 2-es t\u00edpus\u00fa diab\u00e9teszben<\/p>\n<p>12.10 \u2013 12.40 <strong>Dr. Pilling J\u00e1nos:<\/strong> A motiv\u00e1ci\u00f3 kialak\u00edt\u00e1sa \u00e9s hossz\u00fa t\u00e1v\u00fa fenntart\u00e1sa \u2013 az \u00e9letm\u00f3dv\u00e1lt\u00e1s t\u00e1mogat\u00e1sa<\/p>\n<p>12.40 \u2013 13.10 <strong>Dr. F\u00fcl\u00f6p G\u00e1bor:<\/strong> \u00c9letm\u00f3d ter\u00e1pia a diab\u00e9tesz kontinuum\u00e1ban<\/p>\n<p>&nbsp;<\/p>\n<p>13.10 \u2013 14.00 <em>Eb\u00e9dsz\u00fcnet<\/em><\/p>\n<h3>2. blokk<\/h3>\n<p>14.00 \u2013 14.35 <strong>Prof. Dr. Cseh K\u00e1roly:<\/strong> COVID 19, cukorbetegs\u00e9g \u00e9s munkak\u00f6ri alkalmass\u00e1g<\/p>\n<p>14.35 \u2013 15.10 <strong>Dr. Simonyi G\u00e1bor:<\/strong> A kardiol\u00f3gus, az angin\u00e1s betegek \u00e9s a gy\u00f3gyszeres kezel\u00e9s tri\u00e1sza COVID idej\u00e9n<\/p>\n<p>15.10 \u2013 15.45 <strong>Prof. Dr. Purebl Gy\u00f6rgy:<\/strong> A telemedicina relevanci\u00e1ja COVID idej\u00e9n<\/p>\n<p>15.45 \u2013 16.10 <strong>Dr. Juh\u00e1sz M\u00e1rk:<\/strong> A gasztroenterol\u00f3gia \u00e9s a diabetol\u00f3gia tal\u00e1lkoz\u00e1si pontjai<\/p>\n<p>16.10 \u2013 16.40 <strong>Dr. Visolyi Gergely:<\/strong> A ketonm\u00e9r\u00e9s szerepe a cukorbetegek kezel\u00e9s\u00e9ben<\/p>\n<p>&nbsp;<\/p>\n<p>16.40 \u2013 Z\u00e1r\u00e1s, <strong>Teszt\u00edr\u00e1s<\/strong><\/p>\n<p>A Teszt kit\u00f6lthet\u0151 j\u00fanius 15-\u00e9n 24.00 \u00f3r\u00e1ig.<\/p>\n<p>&nbsp;<\/p>\n<p>A rendezv\u00e9ny ut\u00f3-akkredit\u00e1l\u00e1sra ker\u00fcl.<\/p>\n<div class=\"notranslate\" style=\"all: initial;\">\u00a0<\/div>\n<div class=\"notranslate\" style=\"all: initial;\">\u00a0<\/div>\n","protected":false},"excerpt":{"rendered":"<p>2021. j\u00fanius 5. &nbsp; Az el\u0151ad\u00e1sokban szerepl\u0151 inform\u00e1ci\u00f3k az el\u0151ad\u00f3(k) eredm\u00e9nyeit \u00e9s v\u00e9lem\u00e9ny\u00e9t t\u00fckr\u00f6zik. A megeml\u00edtett term\u00e9kek haszn\u00e1latakor az \u00e9rv\u00e9nyes alkalmaz\u00e1si el\u0151\u00edr\u00e1s az ir\u00e1nyad\u00f3. Minden jog fenntartva! &nbsp; A tanfolyamon val\u00f3 r\u00e9szv\u00e9telhez k\u00e9rj\u00fck regisztr\u00e1ljon. Ha m\u00e1r kor\u00e1bban regisztr\u00e1lt, akkor csak bejelentkeznie sz\u00fcks\u00e9ges. A teszt megnyit\u00e1sa ut\u00e1n a teszt kit\u00f6lt\u00e9s\u00e9hez 30 perc \u00e1ll rendelkez\u00e9s\u00e9re. A vizsg\u00e1z\u00f3k &#8230; <a title=\"Hippocrates Diabetol\u00f3giai H\u00e9tv\u00e9ge &#8211; 2021. VI. 5.\" class=\"read-more\" href=\"https:\/\/hippocrateslap.hu\/tanfolyam\/2021online-lejart-rendezvenyek\/hippocrates-diabetologiai-hetvege\/\" aria-label=\"Read more about Hippocrates Diabetol\u00f3giai H\u00e9tv\u00e9ge &#8211; 2021. VI. 5.\">Olvass tov\u00e1bb<\/a><\/p>\n","protected":false},"author":1,"featured_media":0,"parent":2195,"menu_order":4,"comment_status":"closed","ping_status":"closed","template":"","meta":{"footnotes":""},"class_list":["post-1792","page","type-page","status-publish"],"publishpress_future_action":{"enabled":false,"date":"2026-04-28 09:44:12","action":"change-status","newStatus":"private","terms":[],"taxonomy":"","extraData":[]},"publishpress_future_workflow_manual_trigger":{"enabledWorkflows":[]},"_links":{"self":[{"href":"https:\/\/hippocrateslap.hu\/tanfolyam\/wp-json\/wp\/v2\/pages\/1792","targetHints":{"allow":["GET"]}}],"collection":[{"href":"https:\/\/hippocrateslap.hu\/tanfolyam\/wp-json\/wp\/v2\/pages"}],"about":[{"href":"https:\/\/hippocrateslap.hu\/tanfolyam\/wp-json\/wp\/v2\/types\/page"}],"author":[{"embeddable":true,"href":"https:\/\/hippocrateslap.hu\/tanfolyam\/wp-json\/wp\/v2\/users\/1"}],"replies":[{"embeddable":true,"href":"https:\/\/hippocrateslap.hu\/tanfolyam\/wp-json\/wp\/v2\/comments?post=1792"}],"version-history":[{"count":29,"href":"https:\/\/hippocrateslap.hu\/tanfolyam\/wp-json\/wp\/v2\/pages\/1792\/revisions"}],"predecessor-version":[{"id":3466,"href":"https:\/\/hippocrateslap.hu\/tanfolyam\/wp-json\/wp\/v2\/pages\/1792\/revisions\/3466"}],"up":[{"embeddable":true,"href":"https:\/\/hippocrateslap.hu\/tanfolyam\/wp-json\/wp\/v2\/pages\/2195"}],"wp:attachment":[{"href":"https:\/\/hippocrateslap.hu\/tanfolyam\/wp-json\/wp\/v2\/media?parent=1792"}],"curies":[{"name":"wp","href":"https:\/\/api.w.org\/{rel}","templated":true}]}}